nd derivative of -s**3/6 + 3*s**2/2 + 2*s. Give u(a).
-3
Let w(y) be the first derivative of 5*y**2/2 - 3*y - 70. Let s(t) = 2*t - 11. Let g be s(7). Calculate w(g).
12
Let t(g) = 9 - 5260*g + 1 + 5261*g. What is t(-9)?
1
Let g = 6 + -10. Let b = g - -9. Let k(r) = -6 + 4*r - r**2 + b + 2*r + 0. Calculate k(4).
7
Let r(j) = -2*j**2 - j - 4. Suppose 0 = 13*m - 5*m - 112. Suppose -m + 4 = -5*b. Suppose u + b*u = -9. Determine r(u).
-19
Let t(c) = 3*c. Let o(g) = 3*g. Let p(d) = 3*o(d) - 2*t(d). Let q(w) = -7*w - 1. Let l(u) = -5*p(u) - 2*q(u). Give l(4).
-2
Suppose j = 4*j - 48. Suppose 0 = 2*s - 3*f - j, -s - 1 = 4*f - f. Let b(w) = -1. Let o(i) = i - 6. Let v(d) = 2*b(d) - o(d). Give v(s).
-1
Let x(m) = 6 - 9*m + 14*m - 2*m + 2*m - 35. Determine x(7).
6
Let r(o) be the second derivative of o**5/20 + o**4/2 + 4*o**3/3 + 9*o**2/2 + 2*o + 279. Give r(-5).
-6
Let u(r) = 6*r**2 + 6*r + 5. Let m(h) = -h**2 - h - 1. Let p(g) = -5*m(g) - u(g). Let z be (-63)/33 - (-2)/(-22). What is p(z)?
-2
Let t(u) = u - 12. Suppose -2*h = j + 13 - 12, 3*j - 5*h - 41 = 0. Give t(j).
-5
Let v(j) be the first derivative of j**2/2 + 11*j + 89. Give v(6).
17
Let v(l) = l**2 + 5*l + 8. Let t be (-3 - -6 - 1) + -7. Let m be (-1 + t)*(-11 - -12). Give v(m).
14
Let l = 118 - 122. Let b(m) be the third derivative of -m**8/20160 - m**7/2520 + m**6/180 - m**5/30 - m**2. Let j(n) be the third derivative of b(n). Give j(l).
-4
Suppose -177*r = -188*r - 55. Let m(p) = p**3 + 4*p**2 - 5*p + 8. Calculate m(r).
8
Suppose -3*h + 9 = -0. Let o(z) = -3*z**3 + 4*z**2 + z + 1. Let k(t) = -7*t**3 + 8*t**2 + 4*t + 3. Let g(r) = 2*k(r) - 5*o(r). Calculate g(h).
1
Let o(k) be the third derivative of k**6/120 - k**5/10 + k**4/6 - 4*k**3/3 + 102*k**2. Determine o(5).
-13
Suppose 1 = 4*g + 13. Let b = -9 - -12. Let r(x) = -10*x**2 + 5*x**2 - 2*x**b - 3*x + 5*x**3 - 4*x**3 + 2. Determine r(g).
-7
Let g be ((-6)/(-8))/((-1)/(-4)). Let p be ((-2)/(-6))/((-4)/72*-3). Let y(k) = 21 - 2*k**p - g*k + k**3 - 24 + 0*k**2. Determine y(3).
-3
Let b(h) be the first derivative of -h**3/3 + 2*h**2 + 6*h - 162. Suppose 0 = 3*z - 4*u - 31, -5*u - 15 = 5*z - 4*z. Calculate b(z).
1
Let w(z) = 7*z**2 - 5*z + 5. Let b(d) = d**2 - d + 1. Let u(r) = 6*b(r) - w(r). Let v = -22 - -24. Suppose v*f + 3 + 1 = 0. Give u(f).
-1
Let r(v) = -5*v**2 - 19*v + 22. Let u(s) = -2*s**2 - 6*s + 8. Let c(p) = 3*r(p) - 8*u(p). What is c(9)?
2
Let s(c) = -c**2 + 3*c + 4. Suppose 3*i - 12*i + 72 = 0. Suppose -35 = h - i*h. Determine s(h).
-6
Suppose -19*k - 210 = 2*k. Let p(c) = -c**2 - 9*c + 5. What is p(k)?
-5
Let y(k) = -k**2 - 6. Let f be -11 + 4*5/10. Let t be 3/f*-1 + 1/(-3). Give y(t).
-6
Let j(t) = -4 - 2*t**2 - 9*t**3 - 4*t + 40*t**3 - 24*t**3 - 8*t**3 - 2*t**2. What is j(-3)?
-1
Let g(l) be the third derivative of -l**7/840 + l**5/30 + l**4/24 + 14*l**3/3 + 19*l**2. Let j(n) be the first derivative of g(n). Calculate j(3).
-14
Let y = 11 + -14. Let i(d) = -d**3 - 3*d**2 + 5*d + 6. Let s(p) = -2*p**3 - 6*p**2 + 9*p + 11. Let v(n) = -5*i(n) + 3*s(n). What is v(y)?
-3
Let d(k) = -5*k + 29. Let c(o) = -2*o + 10. Let l(b) = 8*c(b) - 3*d(b). Calculate l(-3).
-4
Let r(v) = -v**2 - 9*v - 8. Let h(q) = -q - 1. Let l(n) = 14*h(n) - 2*r(n). Determine l(-3).
8
Let b(j) be the second derivative of j**7/840 - 11*j**6/360 - j**5/120 + j**4/12 - 20*j**3/3 - 26*j. Let l(a) be the second derivative of b(a). What is l(11)?
-9
Let b(z) be the third derivative of 0*z + 0*z**3 + 0 - 6*z**2 + 1/12*z**4. Let y(t) = 5*t. Let h(n) = 8*b(n) - 3*y(n). Give h(5).
5
Suppose 1 + 1 = -2*t, 0 = 2*s + 5*t + 21. Let g(d) = -d**2 - 8*d + 11. Determine g(s).
11
Suppose -428*c + 9 = -431*c. Let g(t) = t**2 - 2*t. Determine g(c).
15
Let c(m) = -m**3 + 9*m**2 - 2*m + 8. Let u = 1557 - 1548. Determine c(u).
-10
Let y(f) = -f - 9. Let n = -287 + 279. What is y(n)?
-1
Let y(v) = v**2 + 7*v + 1. Let t(l) = l**2 + 6*l - 1. Let k(f) = -5*t(f) + 4*y(f). Calculate k(-4).
1
Suppose 4*m = 2*z + 20, 0*z + 10 = -2*m - 4*z. Let s(f) = -3*f - m + 0 + 4 + 4*f. Determine s(7).
8
Let g(m) be the second derivative of -m**5/20 + m**4/2 + 3*m**3/2 - 9*m**2/2 - 3*m. Let y be (-74)/37*(0 - 21/6). Give g(y).
5
Let s(p) be the third derivative of p**5/30 - p**4/12 + p**3/3 - p**2. Let o(u) = u**2 + 71*u + 333. Let m be o(-66). Calculate s(m).
14
Let x(q) be the second derivative of 6*q**2 + 0 - 1/20*q**5 - 2/3*q**4 + 11/6*q**3 + 11*q. What is x(-9)?
-6
Suppose 7*k = 83 + 22. Let s(j) = -9*j + k*j - 3*j. Calculate s(2).
6
Let v(a) = 11*a**2 + 6*a - 3. Let y(n) = -24*n**2 - 13*n + 6. Let x(c) = -5*v(c) - 2*y(c). What is x(2)?
-33
Let i(f) = -3*f + 6. Let p(n) = -8*n**3 + 2*n**2 - 2*n. Let g be p(2). Let y = g - -40. Let l be (-4)/y*4*5. Give i(l).
-6
Let q(z) = -5*z**3 + 5*z**2 + 14*z + 15. Let f(s) = -s**3 - s**2 + s + 1. Let b(x) = 4*f(x) - q(x). What is b(10)?
-11
Let k(i) = i**2 + 9*i - 4. Let j be ((-3)/1)/(2/((-60)/(-9))). What is k(j)?
6
Suppose 5*h + 2*p + 21 = -0, 4*h - 2*p = -24. Let y = h - -18. Let k be 1 + 1 - y - -4. Let m(z) = -z**2 - 9*z - 7. What is m(k)?
7
Let k(x) = x**2 + 7*x - 1. Let b be -4*3/(-6) - 20/4. Determine k(b).
-13
Let q(n) = -n**2 + 200. Let d be q(-14). Let k(a) = -a**2 - 3*a + 1. Calculate k(d).
-27
Let u(b) = 3 - 4*b - 5 - 1 - 2*b - b**2 - 3. Determine u(-6).
-6
Let w(k) = -8*k - 175818 - k**2 + 175833 + 0*k**2. Give w(-13).
-50
Let k(v) = 2*v + 6. Let u(q) = -4*q - 11. Let i(j) = 7*k(j) + 3*u(j). Let t(p) = 2*p + 9. Let f(x) = 5*i(x) - 4*t(x). Let b be ((-4)/4)/(2/12). What is f(b)?
-3
Let f(d) = 5*d**3 + 11*d**2 + 14*d + 20. Let y(c) = -2*c**3 - 4*c**2 - 5*c - 7. Let i(k) = -k - 2. Let z be i(1). Let h(p) = z*f(p) - 8*y(p). Give h(3).
8
Let p(v) = -2*v - 2. Let g be (-1 - 2)*(-3)/((-18)/40). Let n = 15 + g. Give p(n).
8
Suppose -2*l - 8 = 0, -3*b - 4*l = -0*b + 31. Let q(c) = -5*c - 3. Let k be q(-1). Let t = k - b. Let z(p) = p**2 - 6*p - 1. Give z(t).
6
Let m(r) = -r**3 + 5*r**2 - 4*r - 1. Let u be m(3). Suppose 0 = -u*n - 16 + 11. Let p(q) = -q. Give p(n).
1
Let q be (-4)/14 - 150/(-35). Suppose -4*y = -20, q*o + 2*y - 28 = -2. Let n(m) = -m**2 - m + 1. Let g(k) = 7*k**2 - 2. Let d(v) = g(v) + 6*n(v). Give d(o).
-4
Let v(r) = -r + 16. Let g be ((-78)/(-117))/(4/72). What is v(g)?
4
Let w(j) = 7*j**3 + j. Let a be 3/1*(-8)/3. Let g be ((-20)/a)/((-2)/12). Let p = g - -14. Determine w(p).
-8
Let r(n) = 11 + n**2 - 7*n - 6*n + 4*n. Let f be r(7). Let o(t) = -t**3 - 5*t**2 - 3*t - 3. Calculate o(f).
-12
Let i = 88 - 95. Let y(v) = 4*v**2 - 16*v - 5. Let m(o) = -o**2 + 5*o + 2. Let s(a) = i*m(a) - 2*y(a). Give s(-4).
-8
Suppose -3*y = 5*s, 0 = 3*s + y + 2*y + 6. Let a(o) = -3 + 4*o**2 - 6 + 10 - s*o**2 + 5*o. Calculate a(-2).
-5
Suppose 5*l + 48 = 21*l. Let h(d) = -d + 2. Calculate h(l).
-1
Let l(m) be the first derivative of -m**4/4 + 4*m**3 - 15*m**2/2 + 8*m - 75. Determine l(11).
-36
Let f(s) = -7*s**2 + 4*s - 1. Let t(q) = 10*q**2 - 6*q + 2. Let d(b) = -7*f(b) - 5*t(b). Suppose 2*l + 2*m - 8 = 0, 2*l + m = -0*m + 8. What is d(l)?
-11
Let j(a) = -5*a + 22. Let f be j(4). Let l(q) be the third derivative of 0*q + q**f + 1/3*q**3 + 5/24*q**4 + 0. Calculate l(-3).
-13
Suppose -3*u + 6*u = -z - 10, u + 4*z = -7. Let r = -5 - u. Let p(t) = -2*t**2 + 2 - 4*t - 7 + 2. Calculate p(r).
-3
Let v(p) = 5*p - 3. Let q(m) = -4*m + 3. Suppose -13*u + 18*u - 35 = 0. Suppose 2*o + 5*y = 22, 4*y + 4 = 5*o - 18. Let w(t) = o*v(t) + u*q(t). Determine w(-6).
-9
Let t(w) = -w**2 + 3*w + w**3 + 4*w**2 + 0*w**3 + 2*w**2 + 3*w**2 - 5. Calculate t(-4).
47
Suppose -3*n - 2*n - 15 = 0. Let z(d) = -39*d**3 + 10*d**2 - 9*d - 3. Let f(l) = -11*l**3 + 3*l**2 - 3*l - 1. Let t(u) = -7*f(u) + 2*z(u). Calculate t(n).
10
Let m(t) be the first derivative of -t**4/4 - 4*t**3/3 - t**2 - 165. Calculate m(-2).
-4
Suppose 0*q - 12 = 5*q + x, -3*x = 6. Let p be (3 + -4)*(0 - q). Let b(o) = 2*o**3 + 2*o**2 + o + 2. Determine b(p).
-8
Let g(q) = 2*q + 12. Let m(x) = -x**2 + 16*x - 19. Let k be m(15). Give g(k).
4
Let u(h) = 4*h - 2. Suppose -3*n - 180 = 3*t, 8*n = 5*t + 4*n + 327. Let z be 1 - (-4)/(-3) - t/27. Give u(z).
6
Let a = -1372 - -1367. Let s(x) = -x**3 - 7*x**2 - 4*x + 11. What is s(a)?
-19
Let u(m) = 5*m + 1. Suppose p + 8 = 5*p. Let c be (-4)/(-6) + (-8)/(-6). Suppose -p*w + 4*t 